{"id":2,"date":"2021-04-22T14:45:45","date_gmt":"2021-04-22T14:45:45","guid":{"rendered":"https:\/\/painovapaudentalo.kasvisannos.fi\/?page_id=2"},"modified":"2024-02-20T19:52:07","modified_gmt":"2024-02-20T19:52:07","slug":"sample-page","status":"publish","type":"page","link":"https:\/\/painovapaudentalo.kasvisannos.fi\/","title":{"rendered":"Tervetuloa!"},"content":{"rendered":"\n<p><strong>Painovapauden talo juhlistaa kirjanpainamisen historiaa Kokkolan Neristanissa.<\/strong><\/p>\n\n\n\n<p>Painamme tiloissamme julisteita ja k\u00e4yntikortteja vanhan ajan tekniikoilla. Painotuotteemme valmistuvat metalli- ja puukirjasimia k\u00e4ytt\u00e4en. Voit tilata meilt\u00e4 ainutlaatuisia julisteita tai k\u00e4yntikortteja omilla teksteill\u00e4si.  K\u00e4sin valmistetuissa painotuotteissa on jotain erityist\u00e4 taikaa, jota tulostimet eiv\u00e4t vain pysty vangitsemaan.<\/p>\n\n\n\n<p>Painovapauden talo juhlistaa my\u00f6s <strong>Anders Chydeniuksen<\/strong> 1760-luvulla tekem\u00e4\u00e4 ty\u00f6t\u00e4 paino- ja sananvapauden edist\u00e4j\u00e4n\u00e4. Chydenius uskoi vapaaseen tiedonv\u00e4litykseen ja kirjanpainamisen rooliin demokratian edist\u00e4j\u00e4n\u00e4. H\u00e4nen edist\u00e4m\u00e4ns\u00e4 ajatukset sananvapaudesta ja avoimesta yhteiskunnasta ovat yh\u00e4 t\u00e4rkeit\u00e4 ja s\u00e4ilytt\u00e4misen arvoisia. Ruotsin vuoden 1766 painovapausasetukselle <a href=\"https:\/\/www.kb.se\/om-oss\/nyheter\/nyhetsarkiv\/2023-05-22-tryckfrihetsforordningen-utsedd-till-varldsminne-av-unesco.html\">my\u00f6nnettiin<\/a> vuonna 2023 Unescon aineettoman kulttuuriperinn\u00f6n status. <\/p>\n\n\n\n<p>Kehit\u00e4mme parhaillaan n\u00e4yttely\u00e4 esittelykuntoon. Pyrimme avaamaan ovemme yleis\u00f6lle vuoden 2024 aikana.<\/p>\n","protected":false},"excerpt":{"rendered":"<p>Painovapauden talo juhlistaa kirjanpainamisen historiaa Kokkolan Neristanissa. Painamme tiloissamme julisteita ja k\u00e4yntikortteja vanhan ajan tekniikoilla. Painotuotteemme valmistuvat metalli- ja puukirjasimia k\u00e4ytt\u00e4en. Voit tilata meilt\u00e4 ainutlaatuisia julisteita tai k\u00e4yntikortteja omilla teksteill\u00e4si. K\u00e4sin valmistetuissa painotuotteissa on jotain erityist\u00e4 taikaa, jota tulostimet eiv\u00e4t vain pysty vangitsemaan. Painovapauden talo juhlistaa my\u00f6s Anders Chydeniuksen 1760-luvulla tekem\u00e4\u00e4 ty\u00f6t\u00e4 paino- ja sananvapauden edist\u00e4j\u00e4n\u00e4. Chydenius uskoi vapaaseen tiedonv\u00e4litykseen ja kirjanpainamisen rooliin demokratian edist\u00e4j\u00e4n\u00e4. H\u00e4nen edist\u00e4m\u00e4ns\u00e4 ajatukset sananvapaudesta ja avoimesta yhteiskunnasta ovat yh\u00e4 t\u00e4rkeit\u00e4 ja s\u00e4ilytt\u00e4misen arvoisia. Ruotsin vuoden 1766 painovapausasetukselle my\u00f6nnettiin vuonna 2023 Unescon aineettoman kulttuuriperinn\u00f6n status. Kehit\u00e4mme parhaillaan n\u00e4yttely\u00e4 esittelykuntoon. Pyrimme avaamaan ovemme yleis\u00f6lle vuoden 2024 aikana.<\/p>\n","protected":false},"author":1,"featured_media":36,"parent":0,"menu_order":0,"comment_status":"closed","ping_status":"open","template":"","meta":{"footnotes":""},"_links":{"self":[{"href":"https:\/\/painovapaudentalo.kasvisannos.fi\/index.php\/wp-json\/wp\/v2\/pages\/2"}],"collection":[{"href":"https:\/\/painovapaudentalo.kasvisannos.fi\/index.php\/wp-json\/wp\/v2\/pages"}],"about":[{"href":"https:\/\/painovapaudentalo.kasvisannos.fi\/index.php\/wp-json\/wp\/v2\/types\/page"}],"author":[{"embeddable":true,"href":"https:\/\/painovapaudentalo.kasvisannos.fi\/index.php\/wp-json\/wp\/v2\/users\/1"}],"replies":[{"embeddable":true,"href":"https:\/\/painovapaudentalo.kasvisannos.fi\/index.php\/wp-json\/wp\/v2\/comments?post=2"}],"version-history":[{"count":4,"href":"https:\/\/painovapaudentalo.kasvisannos.fi\/index.php\/wp-json\/wp\/v2\/pages\/2\/revisions"}],"predecessor-version":[{"id":18,"href":"https:\/\/painovapaudentalo.kasvisannos.fi\/index.php\/wp-json\/wp\/v2\/pages\/2\/revisions\/18"}],"wp:featuredmedia":[{"embeddable":true,"href":"https:\/\/painovapaudentalo.kasvisannos.fi\/index.php\/wp-json\/wp\/v2\/media\/36"}],"wp:attachment":[{"href":"https:\/\/painovapaudentalo.kasvisannos.fi\/index.php\/wp-json\/wp\/v2\/media?parent=2"}],"curies":[{"name":"wp","href":"https:\/\/api.w.org\/{rel}","templated":true}]}}